factor of c and 16?
8
Let p be (23 - -15)/(1/2). What is the greatest common factor of p and 4?
4
Let t(u) = -2*u - 7. Let h be t(-8). Suppose -3*n = h, -4*o + 2*n = n - 47. Calculate the highest common factor of o and 22.
11
Let d(r) = -r**2 - 18*r - 28. Let x be d(-15). Calculate the highest common factor of x and 170.
17
Let h be 3*2*(-1)/3. Let x be (-5)/(-2)*(h - -8). What is the highest common divisor of 6 and x?
3
Let v = 30 - 20. Let q be (-9 + (-3)/1)/(9/(-60)). Calculate the highest common factor of q and v.
10
Let z be 2172/24 + 1/2. Calculate the greatest common factor of 65 and z.
13
Let s(n) = 2 + n - 4*n**3 - 1 - 14*n**3 - 18*n**3. Let t be s(-1). What is the highest common divisor of t and 4?
4
Suppose 0 = -0*j - j + 128. Calculate the greatest common divisor of 32 and j.
32
Let h = -6 - -9. Let p be (-8)/12 - (-20)/h. What is the highest common divisor of 4 and p?
2
Suppose -2*t - 3*m = -6*t - 9, 2 = -2*t + 2*m. Let z(n) = n**3 + 7*n**2 + 7*n + 9. Let q be z(t). What is the highest common divisor of 21 and q?
3
Let x be 4694/(-18) - (-12)/(-54). Let t be x/(-18) - (-1)/(-2). Calculate the highest common divisor of 35 and t.
7
Suppose 17*p = 13*p + 32. Suppose -3*b = -4*n + 355, 2*n + 3*b = b + 174. What is the greatest common divisor of p and n?
8
Let h(f) = 12*f - 6. Suppose -2*i + 7 = -5. Let u be h(i). What is the greatest common divisor of u and 6?
6
Let g be -7*3/14*(-17 - -15). Calculate the highest common factor of g and 12.
3
Let w = 0 + 1. Let b(g) = 2*g**2 - 4*g + 3. Suppose 5*p = 2*c + 21, 0*c = 2*c + p - 9. Let i be b(c). Calculate the highest common divisor of w and i.
1
Suppose 4 = 6*k - 4*k. Suppose u = -4*x + 5*x + 69, -3*u - k*x = -182. What is the highest common factor of u and 16?
16
Suppose 60*m = 59*m + 84. Calculate the highest common factor of 42 and m.
42
Suppose 4*s - x - 2 = 0, -3*s + 0*x + 1 = -x. Let c be (0 - 2) + 146*s. Let a = -76 + 92. What is the greatest common divisor of c and a?
16
Let b(v) = 10*v**2 + 2*v + 3. Let n be b(3). Let w be (1*-1)/(3/(-27)). What is the highest common divisor of n and w?
9
Let f be (7/(-21))/(3/(-342)). What is the highest common divisor of 19 and f?
19
Suppose 0 = 5*m - 0*m. Let g = m - -3. Suppose 5*b - 95 = -5*t, 5*b + g*t - 92 = t. What is the greatest common divisor of 126 and b?
18
Suppose 0 = 3*j - 72 - 96. Suppose -j = -5*b - 6. Let l be (2/(-4))/((-2)/120). Calculate the highest common factor of l and b.
10
Suppose h + 0*h = 2*b, 0 = 3*h - 2*b - 4. What is the greatest common divisor of h and 5?
1
Let i be 88 + 5/((-10)/8). Calculate the greatest common factor of 12 and i.
12
Let o be -14*3*1/(-3). Let q(h) = -3*h**2 - h**3 - 6 - 7*h**2 + 4*h**2 - 4*h. Let s be q(-8). Calculate the highest common divisor of o and s.
14
Let c = 58 + -51. Calculate the highest common divisor of 35 and c.
7
Suppose -5*m - 3*f + 12 = 0, 3*m + 0*f - 14 = 5*f. Suppose 2*u - 80 = -2*u + 4*x, -m*x = -u + 10. What is the highest common divisor of 10 and u?
5
Let d(r) = -2*r - 58. Let x be d(-32). Calculate the greatest common divisor of 186 and x.
6
Suppose -5*m - 2*y + 348 = 0, 4*m + 2*y - 144 = 2*m. What is the highest common factor of 102 and m?
34
Suppose 2*h + 110 = 7*h. Let i be (-4)/(-6) + (-984)/(-9). Let x be 4/(-2)*i/(-2). Calculate the greatest common divisor of x and h.
22
Let h = -303 + 322. Suppose 0*a - 116 = -2*k + 2*a, 0 = k + 4*a - 53. Calculate the highest common factor of h and k.
19
Let x = 46 - 21. What is the highest common factor of 25 and x?
25
Suppose -4*o - 219 = -3. Let t = o - -81. Calculate the highest common divisor of t and 3.
3
Suppose 2*u - 2*b = -3*b + 93, -105 = -2*u + 3*b. Calculate the highest common factor of 12 and u.
12
Let m = 27 + -1. Suppose 384 = 5*q - 136. What is the greatest common divisor of m and q?
26
Suppose 3*v = -3 + 9. What is the greatest common divisor of v and 10?
2
Let v = -2 + 6. Let t be 241/4 + v/(-16). What is the highest common divisor of t and 90?
30
Let v(w) = w**3 + 8*w**2 - 9*w - 2. Let o be v(-9). Let h be 18 + o*(2 - 3). What is the greatest common factor of h and 50?
10
Let m(g) = 4*g - 31. Let t be m(13). Calculate the highest common factor of 21 and t.
21
Suppose o - 29 = -3*j - 0*j, -2*o = -4*j + 22. Let t be (18/j)/((-3)/(-16)). Calculate the highest common divisor of t and 8.
4
Let i(f) be the second derivative of -f**5/20 - f**4/2 + 7*f**2/2 - 2*f. Let d be i(-6). What is the highest common divisor of 42 and d?
7
Suppose 24*o + 125 = 29*o. What is the highest common divisor of o and 5?
5
Let n(k) = -29*k**3 + k + 2. Let y be n(-1). Let g be (-3)/3 + 5 + 2. What is the highest common factor of y and g?
6
Let a(b) = b**3 - 5*b**2 - 2*b - 1. Let d(w) = -4*w. Let i be d(-1). Let u be a(i). Let t = u + 49. What is the highest common divisor of 16 and t?
8
Let o = -58 - -35. Let i = o + 63. What is the greatest common divisor of i and 100?
20
Let q = -19 + 36. Suppose -3*r = -164 - 40. Calculate the greatest common factor of r and q.
17
Let u be 1*21*(2 - 0). Suppose 49 + 151 = 2*l + 2*r, 4*r = -5*l + 505. Calculate the highest common divisor of l and u.
21
Suppose -5*l + 2*l - 183 = 0. Let b = 85 + l. Calculate the greatest common factor of b and 12.
12
Let n = 14 - -61. What is the greatest common factor of n and 30?
15
Let z be -154*(-6 + 80/14). Suppose 3 - 18 = -5*h. Suppose 16 = h*l + l. Calculate the highest common divisor of z and l.
4
Let l be 153*(-1 + 0)/(-1). Suppose -5*i + 71 = -14. Calculate the highest common divisor of l and i.
17
Suppose 5*o = 10*o - 15. What is the greatest common divisor of 3 and o?
3
Let t = 166 - 158. Let u(p) = 8*p**2 + 3*p + 1. Let n be u(-3). Calculate the greatest common divisor of t and n.
8
Let h = 9 + 0. What is the highest common divisor of h and 1?
1
Suppose o = -2*v + 141, -4*v = -5*o - 35 - 240. Calculate the highest common factor of v and 28.
14
Let l(p) = 1. Let s(k) be the first derivative of -k**2 + 5*k - 2. Let i(u) = 5*l(u) - s(u). Let a be i(1). Calculate the greatest common factor of a and 1.
1
Let h be 156/8*(-4)/3. Suppose 0 = 4*g - c + 62, -3*c - 5 = 1. Let d = g - h. What is the greatest common divisor of d and 30?
10
Suppose 10 = -2*j - d + 29, 2*j - 4 = 4*d. What is the highest common factor of j and 12?
4
Suppose -4*l = -4*i + 524, -196 = 2*l + 5*i + 31. Let h be l/(-10) - (-8)/20. Calculate the highest common divisor of h and 65.
13
Let a be (-1)/(-1 - (-13)/14). Suppose -3*y - y + 3*v + 270 = 0, 2*y = -4*v + 146. Suppose -4*t = y - 181. What is the greatest common divisor of a and t?
14
Let t be (10/3)/(12/36). What is the greatest common factor of t and 10?
10
Let z = 1 - 0. Let i be 0*(3/(-6) + z). Suppose -2*f - 36 = 5*r - 161, i = -4*r - 2*f + 98. Calculate the greatest common divisor of 18 and r.
9
Suppose h - 5*h - 128 = 0. Let q = 49 - h. Calculate the highest common divisor of 9 and q.
9
Let t(q) = -q**3 - 5*q**2 + 3*q + 9. Let k be t(-6). What is the greatest common divisor of k and 9?
9
Let b(o) = -o**3 - 6*o**2 - 6*o - 2. Let v be b(-5). Suppose 0 = 2*q - v*u + 1, -15 = q - 4*u - 2. What is the greatest common divisor of 14 and q?
7
Suppose -4*q + 9 = -3. Calculate the highest common factor of 12 and q.
3
Let s = 78 + -3. Let k(p) = 4*p**3 - 2*p + 2. Let r be k(2). Calculate the highest common factor of r and s.
15
Let v(k) = -2*k**3 - 2*k - 2. Let p = -4 - -2. Let q be v(p). What is the greatest common factor of 12 and q?
6
Suppose -i + 6*i - s - 117 = 0, 2*s = -2*i + 54. Calculate the greatest common divisor of i and 84.
12
Suppose 4*l + 4 - 76 = 0. Calculate the highest common divisor of 27 and l.
9
Let i = -84 - -172. Calculate the greatest common divisor of 8 and i.
8
Let i(n) = -3*n**3 + n**2 - 3*n - 1. Let l be i(-2). Let m = -10 + 22. Let d be ((-63)/m)/7*-4. Calculate the greatest common factor of l and d.
3
Let q be 3/(-3 + 2) - -47. What is the highest common factor of 4 and q?
4
Let g be (-15)/(((-75)/(-10))/(-5)). What is the greatest common divisor of 40 and g?
10
Let o = -7 - -47. Calculate the greatest common divisor of o and 20.
20
Let p(i) = 2*i**3 - 2*i**2 + i + 1. Let h be p(3). Suppose -3*f + 33 = -2*f. Suppose f + 87 = 2*g. Calculate the highest common divisor of h and g.
20
Let a = 35 + -74. Let k be (-1)/(6